{"id":14,"date":"2022-04-14T15:50:44","date_gmt":"2022-04-14T18:50:44","guid":{"rendered":"http:\/\/gustavobrasman.com\/?page_id=14"},"modified":"2022-04-14T15:50:44","modified_gmt":"2022-04-14T18:50:44","slug":"gustavo-brasman","status":"publish","type":"page","link":"http:\/\/gustavobrasman.com\/","title":{"rendered":"Gustavo Brasman"},"content":{"rendered":"\n<p>A vida \u00e9 uma p\u00e1gina em branco&#8230;<\/p>\n\n\n\n<p><\/p>\n\n\n\n<p>Ol\u00e1 navegante dos Mares Boreais! Espero que voc\u00ea esteja bem.<\/p>\n\n\n\n<p>Se veio aqui ap\u00f3s ler o livro 4 dos Senhores de Castelo, eu agrade\u00e7o por compartilhar sua jornada conosco. Provavelmente voc\u00ea leu minha carta e est\u00e1 querendo saber mais do que vem depois, outras obras e livros!<\/p>\n\n\n\n<p>Mas eu tenho uma not\u00edcia triste para dar. A vida acabou por se mostrar mais cruel do que imagin\u00e1vamos, e o meu amigo de longa data Gustavo Tezelli (conhecido como G.Norris), com o qual tive o prazer de criar a saga Cr\u00f4nicas dos Senhores de Castelo, deixou a exist\u00eancia terrena em janeiro de 2018 de forma abrupta e inesperada.<\/p>\n\n\n\n<p>O seu repentino falecimento deixou um vazio onde antes havia alegria, e o ato de criar hist\u00f3rias perdeu o sentido para mim. Talvez seja algo tempor\u00e1rio, talvez n\u00e3o. O ponto \u00e9 que, infelizmente, n\u00e3o tenho mais o mesmo entusiasmo em escrever.<\/p>\n\n\n\n<p>Enfim, n\u00e3o sei quando voc\u00ea estar\u00e1 lendo isso, mas espero que o meu eu futuro recupere o desejo de contar hist\u00f3rias, pois h\u00e1 muitas delas para serem escritas e compartilhadas!<\/p>\n\n\n\n<p>Por enquanto, deixo abaixo o meu contato, pois conversar sobre os Senhores de Castelo \u00e9 algo que adoro e o que mais me empolga \u00e9 encontrar castelares \u201cperdidos\u201d Multiverso afora!<\/p>\n\n\n\n<p>Obrigado por ter nos acompanhado at\u00e9 aqui.<\/p>\n\n\n\n<p>Abra\u00e7os,<\/p>\n\n\n\n<p>Gustavo Brasman<\/p>\n\n\n\n<p><a href=\"mailto:falecom@gustavobrasman.com\">falecom<\/a>@gustavobrasman<\/p>\n\n\n\n<p>0<em><time datetime=\"2018-02-01T23:26:00-02:00\">1 de fevereiro de 2018<\/time><\/em><\/p>\n","protected":false},"excerpt":{"rendered":"<p>A vida \u00e9 uma p\u00e1gina em branco&#8230; Ol\u00e1 navegante dos Mares Boreais! Espero que voc\u00ea esteja bem. Se veio aqui ap\u00f3s ler o livro 4 dos Senhores de Castelo, eu agrade\u00e7o por compartilhar sua jornada conosco. Provavelmente voc\u00ea leu minha carta e est\u00e1 querendo saber mais do que vem depois, outras obras e livros! Mas&#8230;<\/p>\n","protected":false},"author":1,"featured_media":0,"parent":0,"menu_order":0,"comment_status":"closed","ping_status":"closed","template":"","meta":{"om_disable_all_campaigns":false,"_monsterinsights_skip_tracking":false,"_monsterinsights_sitenote_active":false,"_monsterinsights_sitenote_note":"","_monsterinsights_sitenote_category":0},"_links":{"self":[{"href":"http:\/\/gustavobrasman.com\/index.php?rest_route=\/wp\/v2\/pages\/14"}],"collection":[{"href":"http:\/\/gustavobrasman.com\/index.php?rest_route=\/wp\/v2\/pages"}],"about":[{"href":"http:\/\/gustavobrasman.com\/index.php?rest_route=\/wp\/v2\/types\/page"}],"author":[{"embeddable":true,"href":"http:\/\/gustavobrasman.com\/index.php?rest_route=\/wp\/v2\/users\/1"}],"replies":[{"embeddable":true,"href":"http:\/\/gustavobrasman.com\/index.php?rest_route=%2Fwp%2Fv2%2Fcomments&post=14"}],"version-history":[{"count":1,"href":"http:\/\/gustavobrasman.com\/index.php?rest_route=\/wp\/v2\/pages\/14\/revisions"}],"predecessor-version":[{"id":15,"href":"http:\/\/gustavobrasman.com\/index.php?rest_route=\/wp\/v2\/pages\/14\/revisions\/15"}],"wp:attachment":[{"href":"http:\/\/gustavobrasman.com\/index.php?rest_route=%2Fwp%2Fv2%2Fmedia&parent=14"}],"curies":[{"name":"wp","href":"https:\/\/api.w.org\/{rel}","templated":true}]}}